
Let t be ((-108)/(-8))/(36/(-48)). What is the units digit of -4*t/24 - (-954 + -3)?
0
Let d be -1*(5 + -5) - -4. Suppose -47 = -c - 4*h + 42, -3*h + 304 = d*c. What is the tens digit of c?
7
Let r = 2824 - 1772. Let f = 2050 - r. What is the tens digit of f?
9
Let d(f) = 13*f - 9. Let a be d(1). Suppose 754 - 106 = a*o. What is the hundreds digit of o?
1
What is the tens digit of (122502/136 - -22) + (-2)/(-8)?
2
Let j(d) = 15*d**2 + 54*d + 115. What is the tens digit of j(-2)?
6
Suppose 67 = 3*h - 4*j + 294, 5*h = -3*j - 330. Let u = 114 + h. What is the tens digit of (1 + 2 - u)/(-1)?
4
Let m(i) = i - 3. Let f be m(9). Suppose -k = -2*y + 23, -3 - 3 = y + 3*k. What is the units digit of y*f + (-16*1)/4?
0
Let s = -1681 - -1687. Suppose 1500 = 5*j + 2*f, 2*j - 6*j + 1182 = -2*f. Suppose 356 = s*q - j. What is the tens digit of q?
0
What is the tens digit of (132436/4 + (7 - 45/5))/1?
0
Let q = -8347 + 25407. What is the thousands digit of q?
7
Suppose 3*o = 4*g + 31, 2*o + 3*g = 20 - 5. Let d = -13 + o. What is the units digit of 88 - (d - (0 + -2))?
0
Let x(r) = -r**2 - 18*r + 30. Suppose 0*f - 186 = -5*b - 2*f, 0 = 5*f + 10. Suppose -3*n = 5*s + 82, -b = 2*s - 5*n + n. What is the units digit of x(s)?
7
Suppose 7*d + 3*w = 346028, -5*d = -3*w + 5*w - 247164. What is the units digit of d?
6
Let v = 2454 - 5. Suppose -3508 - v = -7*k. What is the tens digit of k?
5
Let o(p) = 8*p + 4. Let w be o(-5). Let a be (-783)/(-12) - (-9)/w. What is the units digit of a + 2 + -6 + 1?
2
Let k(b) = -6*b**3 + 3*b**2 + 8*b + 1. Let g(h) = 2*h. Let z(r) = 4*g(r) - k(r). Let p(o) = 2*o + 1. Let i be p(1). What is the hundreds digit of z(i)?
1
Suppose 16*h - 19*h - 36882 = -3*t, -3*h = -4*t + 49174. What is the thousands digit of t?
2
Suppose -43610 = -18*j + 39694. What is the units digit of j?
8
Let j be 4/(-10) - (5 - (-1851)/(-15)). Let z = j - -346. What is the hundreds digit of z?
4
Let j(w) = -w**3 + 30*w**2 - 37*w - 21. Let g(q) = 2*q**2 - 12*q + 46. Let d be g(3). What is the hundreds digit of j(d)?
5
Let d(x) = x**2 + 12*x - 24. Let u be d(-14). Suppose -912 = -7*r + u*r. What is the tens digit of r?
0
Suppose -2*p = 2*n + 3*n - 2, -5*n - 5*p = 10. Let w be 10*((-8)/16)/(n/(-4)). What is the hundreds digit of ((-1)/(-2))/(w/3160)?
1
Suppose 5*d - 12624 = 4*s, 3*d - 4166 = s + 3407. Let q = d + -1628. Suppose 266 = 7*x - q. What is the tens digit of x?
6
Let q(z) = -15. Let s(g) = g - 16. Let w(i) = 4*q(i) - 3*s(i). Let a be w(-5). Suppose 0 = -a*r + 4*h + 126, -2*r + 9 + 75 = -4*h. What is the units digit of r?
2
Let r = 2028 - 753. Suppose 9*v = 6*v + r. Suppose 3*i - 67 = v. What is the tens digit of i?
6
Let i = -62 - -139. Let l(o) = -o + 64 - 2*o - o + i. What is the units digit of l(0)?
1
Let w(l) = 926*l. Suppose 0 = 3*u + 3, 1 = -4*f - 2*u + 11. Let o be w(f). What is the units digit of o/42 - 1/7?
6
Suppose -q + 1 = 3, 0 = 5*k + 5*q - 2700. Let y = -247 + k. What is the tens digit of y?
9
Suppose -v - 19 = 11. Let q = v - -28. What is the tens digit of q + (-1 + -2 - -65)?
6
Let c = 8852 + -3582. What is the thousands digit of c?
5
Let c(h) = -h**2 + 14*h + 3. Let b be c(14). Suppose 6*o - 909 = -b*o. Suppose 5*p - o = 154. What is the tens digit of p?
5
What is the tens digit of (3 - 1206/(-8))/((-3)/(-8))?
1
Let q(a) = -9*a + a**2 - 13 - 5 + 0 + 0*a. Let c be q(12). Suppose 0 = -21*x + c*x + 453. What is the tens digit of x?
5
Let p(q) = -9*q**2 + 14*q - 60. Let s(i) = -3*i**2 + 5*i - 20. Let r(b) = -2*p(b) + 7*s(b). Let m be r(-6). Let a = 270 + m. What is the hundreds digit of a?
1
Let w = 19920 + -10149. What is the units digit of w?
1
Suppose 79 = 20*u - 81. Suppose -i + 1255 = -4*r + u*r, 316 = r + i. What is the hundreds digit of r?
3
Suppose 3*j + 282 = 2*p, 0 = 7*p + 4*j - 943 + 43. What is the tens digit of p?
3
Let h = -17042 + 34223. What is the ten thousands digit of h?
1
Suppose 2*t - 7 = 3*o - 2*o, -2*t + 4*o = -16. Let y(s) = 5 + 6 + s**t + 6*s + 13. What is the tens digit of y(-10)?
6
Suppose 26 + 34 = 5*s. Suppose 0 = 2*r + 5*g - g + 12, s = 4*r - 4*g. Suppose 2*o - 48 = -2*x - 0*o, r = -5*x + o + 108. What is the units digit of x?
2
Let z be ((-15)/(-18))/(2/12). Suppose z*w - 4*d - 4464 = 0, 4*w - w - 2680 = 4*d. What is the tens digit of w?
9
Suppose -3*w + 18 = 0, 3*p = -2*w + 4565 + 26200. What is the thousands digit of p?
0
Suppose 0 = 4*z + 3*x - 116340, -2*z + 58176 = 3*x - 0*x. What is the units digit of z?
2
Let u(w) = 1092*w**2 - w - 1. Let p be u(1). Suppose -31 - 323 = -v - 4*a, -3*v - 5*a = -p. What is the tens digit of v?
7
Let i(g) = 45*g + 92. Let k(l) = -15*l - 31. Let j(u) = -6*i(u) - 17*k(u). Let p(n) = n**3 - 5*n**2 - n - 6. Let f be p(5). What is the hundreds digit of j(f)?
1
Suppose 3*b - 6*b = -b. Let z(d) = d**3 - d**2 + d - 35. Let u be z(b). Let j = 54 - u. What is the units digit of j?
9
Suppose 82623 = -7*d + 12*d + h, 2*h - 49578 = -3*d. What is the hundreds digit of d?
5
Let a be (1 - 2)/((-8)/(-64)). Let o(j) = -2*j**3 - 9*j**2 - 6*j - 19. Let v be o(a). Suppose -4*x - v = -7*x. What is the units digit of x?
9
Let r(o) = 91*o - 25. Let q be r(3). Let j = q - -11. What is the tens digit of j?
5
Suppose 0 = 17*i - 16275 - 121595. What is the thousands digit of i?
8
Let n = 60 + -134. Let a = n + 53. What is the units digit of (-7)/(a/264) - -2?
0
Let j = 823 - 824. Suppose -d - 15 = 21. What is the units digit of (-3 + d + 3)/j?
6
Let v(t) = -t + 2. Let f(x) = -30*x + 93. Let n(y) = -91*y + 280. Let b(c) = 7*f(c) - 2*n(c). Let s(h) = b(h) - 42*v(h). What is the units digit of s(2)?
5
Let x be -2*4/8*-1*-1. Let w be (x - -3)*-33*(-1)/6. Let j(r) = 6*r + 39. What is the tens digit of j(w)?
0
Let t be (-16)/(-10) - (-1)/(15/(-9)). Suppose -a - 3*m = -t - 13, 17 = -2*a + 3*m. What is the units digit of (6 - 4)*a - 50/(-1)?
8
Let o(n) = 2*n**2 - 27*n + 40. Let l be o(12). Suppose -l*f = 42 - 966. What is the units digit of f?
1
Let b = 1235 - 744. Suppose 4480 = 495*v - b*v. What is the units digit of v?
0
Let c = 94 - 41. Let y = c - 45. What is the hundreds digit of 131 + y/(3 + 1)?
1
Suppose 706 = 2*r - 5*k, 41*r - 43*r + 724 = 4*k. Suppose x = -5*f - 137, 0 = f - 0*f - 4. Let s = r + x. What is the hundreds digit of s?
2
Let z(t) be the third derivative of t**6/20 - t**5/60 - t**4/8 + t**3/2 - 17*t**2. Let i be z(1). What is the units digit of 4 + i/((-15)/(-6))?
6
Suppose -128*u = -103*u - 50. Suppose 4*c = -20, j + c + 17 = -c. What is the hundreds digit of u - 96/56 - 1342/j?
1
Let p(l) = -44*l - 20. Let a(q) = -29*q - 13. Let u(o) = 8*a(o) - 5*p(o). What is the tens digit of u(-4)?
4
Let i be (-15)/2*10/(-3). Suppose -q - 4*m - 4 = -0*q, -q - 2*m = 0. Suppose -q*a = -i - 91. What is the units digit of a?
9
Let c be (0/(-4))/(-3) + 7. Suppose 5*v = 2*d + 6*v + c, v - 5 = d. What is the tens digit of (-1)/(-2) + (172/8 - d)?
2
Suppose 18 = -2*g + 4*f, -g - f = 3*f - 15. Let h be 111*(1*g - (-48)/36). Suppose -5*r - 40 = -l, -l - r + 3*r = -h. What is the tens digit of l?
3
Let s(v) = 585*v**2 - 654*v - 1314. What is the units digit of s(-2)?
4
Let x(c) = 21*c**2 + 106*c + 5. Let a be x(-5). Let g(l) = -27*l + 1088. What is the hundreds digit of g(a)?
0
Let t = 54 - 65. Let z(r) = -r**2 - 11*r - 16. Let n be z(t). Let k = 29 + n. What is the units digit of k?
3
Let m = -103 + 109. Let v be 44/(-2) + (3 - m/1). Let u = 128 + v. What is the tens digit of u?
0
Let i(k) be the first derivative of -7*k**5/120 + k**4/2 - 13*k**3/3 - 2. Let q(c) be the third derivative of i(c). What is the units digit of q(-11)?
9
Let l(c) = -2306*c + 5687. What is the units digit of l(-6)?
3
Suppose -4*h = -3*b - 10825, -h = 350*b - 353*b - 2695. What is the units digit of h?
0
Suppose 81 = 4*q - 3. Let s be (-885)/(-21) + (-3)/q. What is the hundreds digit of s/(-2)*2/6*-33?
2
Suppose 3*s + 2*w = -3 + 6, -3*w = 4*s - 3. Suppose 0 = 2*h + 2*m + m - 465, -2*h = -s*m - 483. What is the units digit of h?
7
Suppose 429274*f = 429262*f + 730896. What is the tens digit of f?
0
Let w(b) = -1121*b - 236. What is the tens digit of w(-1)?
8
Suppose 5*m + 317 = d - 337, 0 = d + 2*m - 654. What is the hundreds digit of d?
6
Let u = 116 + -114. Let s be (u/(-6))/(-4*2/2472). Let z = 133 - s. What is the units digit of z?